5?
2
Calculate (2 - (-2 - 1)) + (-32 - -22).
-5
What is the value of (-17 - -22) + 1 + -2 + 1?
5
(19 - 8) + -16 + -3
-8
What is the value of -5 - (0 + 2 + 1 + -4)?
-4
(0 - -2) + -2 - (-18 + 17)
1
What is the value of 0 + 0 + (-1 + 12 - 9)?
2
-4 + (-6 - -19) + (-8 - -6)
7
What is 1 - (0 - (-3 + -2))?
-4
Evaluate 4 + 4 + -6 + 0.
2
Calculate (-6 - -6) + -13 + 5.
-8
(-4 - -1) + (-2 - -12 - 10)
-3
Calculate 7 + 10 + -8 - 11.
-2
Evaluate (-2 + -1 - (0 - 5)) + 1.
3
Calculate (-11 - 1) + 7 + 1.
-4
What is -32 - -31 - (1 + 1 + -5)?
2
What is 0 + 0 + 1 + -7 - -13?
7
Calculate (1 + -2 - -5) + -1.
3
Evaluate -1 - (-4 + -8 - -5).
6
What is the value of (1 - -4) + 9 + (8 - 16)?
6
Evaluate 4 + -4 - (4 - (2 + -1)).
-3
2 + 4 + 0 + (0 - 1)
5
What is 5 - (11 - (6 - -4))?
4
Evaluate 0 - -8 - (-194 + 193).
9
Evaluate (-2 - 1) + -2 + 5 + -2.
-2
What is the value of 4 + -1 + 5 + -5?
3
-2 + 1 + -3 + (2 - -6)
4
5 + (-4 + -4 - -4)
1
Evaluate (68 - 57) + (1 - 6 - 0).
6
What is 6 - (-1 - (-1 + 8) - -15)?
-1
Calculate 1 - (-3 - (-6 - 3)).
-5
What is (-6 - -1) + 11 + -11 + 5?
0
Evaluate -3 + 1 - (-10 + 10).
-2
What is the value of -15 + 8 + (4 - 3)?
-6
What is 0 + -1 + -6 + 5 + -2?
-4
What is the value of -2 - (-2 + -2) - -3?
5
What is the value of -1 + 1 - (14 - 17)?
3
7 + (-2 - -8 - 13)
0
-1 + -4 + 5 - (-8 - 0)
8
What is the value of (1 - 7) + (3 - (-22 + 12))?
7
-5 + 11 - 9 - (2 + -7)
2
What is the value of 4 + 0 + (4 - 5) + -1?
2
What is 1 - (11 + -6 - (0 - -3))?
-1
Evaluate 18 - (2 - (0 - -2) - -8).
10
What is 0 + 1 + -11 + 7?
-3
3 + 1 - (13 + 7 + -19)
3
33 + -33 + (2 - 0)
2
What is the value of -2 - ((3 - 1) + -8)?
4
What is the value of 1 - (2 - 0) - (-11 + 13)?
-3
What is (-4 - -8) + -1 - (1 + 1)?
1
Evaluate -6 + 5 + 16 + -9.
6
Evaluate -4 - (-1 - (7 + -6 - 5)).
-7
What is -2 - 0 - (4 - (9 + -5))?
-2
What is the value of (-3 - -3 - -5) + 0?
5
Evaluate -33 + 47 - ((0 - 2) + 8).
8
Calculate -1 - 4 - -13 - 6.
2
What is 8 - (5 + -4 + (-5 - -5))?
7
What is 0 + (4 - 6 - -4) + -5?
-3
What is 13 + -20 + 3 - (0 - -4)?
-8
What is the value of (1 - (1 + 4)) + 9?
5
What is the value of (8 + -13 - -14) + -11?
-2
Calculate (8 - (-8 + 6)) + -5.
5
What is the value of (7 - 1) + (11 - 2 - 7)?
8
Calculate (0 - (-2 - -2 - 2)) + 0.
2
What is the value of -1 + -8 - (16 - 20)?
-5
4 + (1 - (0 + -4 - -7))
2
Evaluate (8 - 1) + 0 + -1.
6
What is the value of 3 + -7 + (13 - 8)?
1
Calculate 2 + -4 + 4 + 1 + -4.
-1
Calculate 4 + 7 + -8 - 2.
1
Calculate -11 + (9 - 9) + 3.
-8
1 + 4 + 5 + -5
5
Calculate -1 + 6 + -10 + 0.
-5
5 - (-3 - (-5 + (-4 - -7)))
6
Evaluate 5 - (7 + -24 + 14).
8
Calculate 9 + (-7 - -6 - 10).
-2
Evaluate -2 + 0 + -2 - -1.
-3
What is the value of (3 - 8) + -1 + (-1 - -4)?
-3
(-2 - -5) + (-7 - -7)
3
Calculate 9 - (18 + -8) - -5.
4
What is the value of -3 - (-1 - 6 - (4 + -3))?
5
-10 - (-6 - (-5 + 4))
-5
What is the value of 0 - ((0 - 8) + 1)?
7
What is the value of 8 + -2 + -3 + 1 + 1?
5
What is the value of -6 - (1 + -3 + (2 - 3))?
-3
Calculate -1 + 5 + -3 - 0.
1
What is -52 - -49 - (1 - 6)?
2
Calculate 4 + -2 + (-4 - -4).
2
Evaluate 4 - (6 + (2 - (3 - 0))).
-1
Evaluate (24 - 27) + -3 + 1.
-5
-10 + 13 - 4 - 2
-3
What is 0 - 2 - ((-5 - -1) + 6)?
-4
Evaluate -1 + -2 - -3 - (-9 - -4).
5
What is 5 + -7 + (9 - 5) + -2?
0
Calculate -4 + -16 + (8 - -1).
-11
Evaluate -20 - (-3 - 2) - -9.
-6
What is 5 + -4 + 2 + -1 - 1?
1
Evaluate (4 - 5) + (1 - 2) + -2.
-4
Evaluate (-4 - -1) + (-6 - -5 - -3).
-1
What is the value of -15 - -21 - (2 - -1)?
3
What is the value of 3 + -2 + (-1 - -1) + -3?
-2
What is the value of -41 + 53 - (3 + -1 - -4)?
6
Calculate 0 + 3 - ((-9 - -15) + -6).
3
Evaluate 1 - (3 - 5) - 6 - -1.
-2
What is the value of (12 + 5 + -13 - -1) + -12?
-7
Evaluate 3 - (0 + 6 + (1 - 0)).
-4
-6 + 6 + 6 + -6
0
What is (0 - 2) + 3 + 6 - 2?
5
Evaluate 4 - 10 - 0 - -1.
-5
1 + (8 - (0 - (-2 - 3)))
4
-1 + (5 - 1) - (122 + -115)
-4
What is the value of -3 - -1 - 0 - -4?
2
What is the value of -1 - 3 - (4 + -17 - -5)?
4
What is the value of 1 - (-6 - 1 - (-24 - -12))?
-4
What is -5 - (-17 - -11 - (1 - 2))?
0
5 - ((-3 - 3) + 7)
4
What is the value of -11 - -5 - -2 - (-7 + 0)?
3
(6 - 5) + -2 - (-1 - 2)
2
-4 + (1 - 0 - 2)
-5
3 + (-9 + 2 + 3 - 0)
-1
What is the value of (-1 - -8) + 0 + -3?
4
Evaluate -6 + 0 - (5 - 13).
2
7 - (13 + (-7 - -7))
-6
Evaluate (1 - (3 - -1)) + (6 - -2).
5
What is -6 + (-2 - -6) + -3 - 1?
-6
Evaluate (1 - 4) + (-4 - (0 + -6)).
-1
(-1 - -1) + (-3 - (6 + -4))
-5
-1 + (0 - (-2 - -4))
-3
What is the value of 2 + 2 + -5 + -1 + 1?
-1
4 + (-6 - -7) + 2 + -3
4
What is the value of (58 - 61) + -6 + 1?
-8
What is the value of 3 - (5 - 2 - -8 - 3)?
-5
Evaluate 4 + (3 - -3 - 11).
-1
-6 - (-17 - (13 + -20))
4
What is 0 + -2 + 0 + 2?
0
3 + 1 - -3 - (3 - 0)
4
What is 1 + (-25 - -14) - 1?
-11
Evaluate 2 - -1 - 4 - (0 - 0).
-1
(-10 - (-3 - 1)) + 8
2
What is (-5 + 3 - 3) + 2 + -2?
-5
What is (0 - -9 - 12) + -4 - -2?
-5
What is (-3 - -14) + -13 - (-2 - -9)?
-9
What is the value of -7 + (5 - 5) + 9?
2
Evaluate (7 - (-1 + 1)) + -9.
-2
(-4 - (-18 + 9)) + -2
3
Evaluate 0 + 0 + (17 - (16 - -2)).
-1
Evaluate -3 + -3 + 6 + 5 + -3.
2
Evaluate -18 + 17 - (1 - 4) - -3.
5
What is the value of -2 + -3 + 7 + -3 + 2?
1
-3 + (-1 - (-5 - -1))
0
Evaluate 17 - 8 - (13 + -1).
-3
What is the value of (-4 - -7 - 1) + -7?
-5
Calculate (-1 - -7) + -6 - (0 + -7).
7
What is -15 - (-14 - 0) - 3?
-4
-3 + 10 + 2 - (8 - 7)
8
What is 7 - (7 - (6 + -3)) - -5?
8
What is 1 + (-2 - 1) - -4?
2
Calculate -3 + (2 + (0 - 1) - -2).
0
What is the value of 10 + -1 - (169 - 169)?
9
Evaluate 2 - (-1 + 0 + 0).
3
What is 8 - ((18 - 11) + 6)?
-5
3 + (5 + -3 - 3)
2
0 + ((-3 - -5) + -1 - 3)
-2
-2 - (-6 - -3) - 0 - 0
1
6 + 1 + -3 - 2
2
-1 + (3 - 0) + -1
1
What is 4 + 1 + (-12 - -4) - -10?
7
Calculate -8 - -7 - (-1 - -1 - 1).
0
Calculate 7 + (-6 - -10 - (8 + -1)).
4
What is the value of 12 - 17 - (-1 + 0)?
-4
Calculate 3 - 3 - (-3 - 4) - 2.
5
3 - (6 - 4) - 2
-1
Calculate 8 + -12 + (0 + 6 - 4).
-2
(-8 + 2 - -1) + (2 - 5)
-8
Calculate 1 + 0 + (1 - 0).
2
What is the value of (-1 - 1) + -2 + (-21 - -21)?
-4
Calculate 5 + 2 - (-15 + 23).
-1
What is the value of -4 + 6 + 0 + 0?
2
Calculate ((5 - 5) + -1 - 3) + 7.
3
What is -20 + (11 + 17 - 14)?
-6
-64 + 68 + 2 + 0
6
What is the value of 3 + (-5 + 1 - (1 - 5))?
3
What is the value of (1 - (4 + -6 - -6)) + -3?
-6
What is -16 - -14 - (-3 + 0)?
1
What is the value of -2 + (0 - 8) + (9 - 3)?
-4
What is (-5 - -6 - -6) + (2 - 10)?
-1
What is -4 - (13 + -11 + 1 + -6)?
-1
Calculate -9 - -2 - (0 + -5).
-2
-13 + 9 - (-3 + (-3 - -2))
0
Evaluate (3 - -4) + (-8 - -8).
7
What is 5 + -7 - (1 + -9 + 1)?
5
What is -6 - (-10 + -5) - 16?
-7
Calculate 0 + -2 + (0 - -1 - -2).
1
What is the value of (3 - -5) + (9 - 21)?
-4
(-9 - (-24 - -7)) + (-4 - 0)
4
Evaluate -2 + 0 - (12 - 9 - 10).
5
Calculate (68 - 68) + (0 - -4 - 1).
3
Evaluate (-12 - -17 - 7) + (-1 - 4).
-7
0 + (1 - (-5 - -2))
4
What is -5 + 8 + -6 + -8 + 8?
-3
Evaluate -2 + 1 + -3 + (11 - 4).
3
Calculate 5 + (-8 + 5 - 0).
2
What is the value of 1 - (2 - 1 - (-3 - -4))?
1
1 - (2 + 0 + 2)
-3
What is the value of 7 - (6 + (0 - 3) - -2)?
2
2 + 5 + -21 + (0 - -5)
-9
Evaluate 3 + -3 + 1 + -38 + 30.
-7
(-3 - -1) + -4 + (56 - 54)
-4
What is the value of 0 + (-5 - 0) - -5?
0
Evaluate (-8 + 4 - -1) + 5.
2
Evaluate 2 + (-5 - -6 - -1).
4
What is the value of -6 - (4 + -9 - 1)?
0
(-1 - 13) + -7 + 15
-6
2 - (5 + -4 + (-2 - -4))
-1
Calculate 2 + -1 + -4 + (-21 - -29).
5
Evaluate -1 + -3 + 5 - (-10 - -6).
5
What is 5 - 5 - (2 + -3 + 6)?
-5
What is (-10 - (-2 + -1)) + 0?
-7
0 - (0 + (-3 - (-3 + 0)))
0
Calculate 3 - (3 + -2 - (2 + -1)).
3
What is 1 - -2 - (1 + -4 + 3)?
3
Calculate 0 - -4 - (45 - 40).
-1
Calculate 1 - 2 - (-25 + 25).
-1
Evaluate 17 + -20 + -1 + 5.
1
What is 3 + -5 + (0 - 8) + 5?
-5
What is the value of -3 + 19 - (28 + -19)?
7
What is the value of 1 + (5 - 9) + (2 - -4)?
3
What is -6 + 8 - (-1 - -6)?
-3
Evaluate -11 - -7 - (3 + 0 - 2).
-5
What is 8 + -1 - (19 + -9)?
-3
-11 + 3 + (-3 + 5 - -1)
-5
What is the value of (-1 - -3 - 0) + (8 - 9)?
1
What is (0 - -2) + -2 + 3 + 0?
3
What is (0 - 2) + 4 - (-2 + 0)?
4
What is 0 + (1 - (-3 + 0)) - 3?
1
Evaluate -1 + (0 - -3) + -5.
-3
Calculate 4 - -3 - (11 - 8).
4
What is 2 - 10 - -5 - -7?
4
What is the value of -87 -